at is 1 + -10 + (8 - -4) + -9?
-6
What is the value of -27 - -25 - (1 + 0)?
-3
Evaluate -3 - -1 - (-3 + 0 + 5).
-4
What is the value of -5 + 9 - 4 - (-8 + 4)?
4
(-2 - -7) + 2 + -5 + 1
3
3 + 4 + -14 + 11
4
What is 3 + (7 - 7) + -7?
-4
What is the value of 3 + (6 - (3 + 6))?
0
Evaluate (4 - 2) + (-5 - -1).
-2
What is the value of 9 - (16 - (5 - -8))?
6
7 + (-1 - (0 + -2 + 3))
5
What is (0 - 10) + 19 + -4?
5
Calculate 3 + -7 - -5 - 3.
-2
Evaluate -1 + (-5 - -1) - -5.
0
What is the value of 2 + 0 + (6 - 17 - -11)?
2
Evaluate 4 + -12 - (-14 + 5).
1
What is the value of -2 + 5 + (-8 - (-4 - -4))?
-5
Evaluate -3 + (3 - (7 - 3 - -4)).
-8
-7 + (1 - (2 + -5)) - 0
-3
5 - (7 - 1 - (-39 - -31))
-9
What is 1 + (1 - (0 + -12 - -8))?
6
What is the value of (2 - -2) + (-15 - -9)?
-2
Calculate -2 - (-6 + (-6 - -8)).
2
What is the value of 1 + (6 - (-7 + -1)) + -7?
8
What is the value of 7 + -1 - 16 - -14?
4
-6 + (0 - (1 + -2))
-5
Evaluate -5 - (-3 + 2 + -2).
-2
Evaluate -6 + 1 + 0 + 1.
-4
What is the value of 8 + -4 + -9 - 0?
-5
Evaluate -1 - -1 - -2 - (1 - -1).
0
Evaluate (-2 - -2 - (1 - 0)) + 1.
0
What is -1 + (-4 - (3 - (11 - 2)))?
1
5 + -9 + 7 - 6
-3
What is (4 - (2 + 5)) + 2 + -7?
-8
0 + -10 + (0 - 5 - -9)
-6
What is (5 - 0) + -6 - 4 - -1?
-4
What is -1 - (6 - 2 - 10)?
5
What is the value of -7 - (-1 - -5 - 9)?
-2
Evaluate -6 - (2 + (1 - 7) - -1).
-3
Calculate 7 - (-4 - -6) - (2 + 1).
2
Calculate 5 - ((-6 - 1) + -9 + 12).
9
What is 59 + -52 + (-14 - -1)?
-6
Evaluate 2 + (3 + -5 - -1).
1
What is -3 - 1 - (-13 + 9 - 6)?
6
Calculate (-2 - (9 + -11)) + 8.
8
Evaluate 2 - (2 - -4 - 9).
5
What is the value of -1 + (-6 - 0) + (0 - 0)?
-7
What is the value of 11 + -11 + (-6 - -2)?
-4
2 + -1 + (1 - 2) + 1
1
What is 5 + 8 + -2 + 3 + -3?
11
Evaluate (1 - 1) + (-10 - -3).
-7
Calculate 0 - (3 + (3 - 5) - -3).
-4
What is the value of 5 + 4 + -5 + -2 + -1?
1
What is the value of (-1 - (-7 - -1)) + -6 + -8?
-9
What is 1 + 0 - -8 - (87 - 81)?
3
What is the value of 3 + -8 + (12 - 5)?
2
1 + -9 - (1 + -7)
-2
Calculate 7 - 9 - (1 + -5).
2
Evaluate -10 + 10 - (6 + -9).
3
Calculate -18 + -1 + -45 + 54.
-10
Calculate -2 + (2 - 2) - 2.
-4
What is (-3 + 3 + 4 - 1) + -4?
-1
What is 3 + 9 - (-9 + 23)?
-2
Evaluate 11 + -10 + (1 - 2) + -2.
-2
Calculate -2 - (1 + -2 + 4).
-5
Evaluate (3 - (-1 - (-7 - -1))) + 3.
1
Calculate -4 + 3 - (0 + 1).
-2
Evaluate 60 + -62 + -2 + -3.
-7
Evaluate (2 - 4) + (-2 - (4 - 3)).
-5
What is -3 + (-3 - -15) - (-2 + 4)?
7
Calculate 1 + 2 - (-2 - 2 - -7).
0
Evaluate (12 - (26 - -8)) + 13.
-9
What is -2 + 0 - (-1 + 2 + 2)?
-5
What is the value of (-45 - -32) + 7 + 1?
-5
-1 + (1 - -3) + -6 + -5
-8
What is -4 + 1 + (26 - 28)?
-5
Evaluate -8 + 3 + 1 - 0.
-4
Calculate (-3 - (-4 - 4)) + -7.
-2
3 - (2 + (-3 - -1)) - 4
-1
What is 3 - (-8 + 4 + 0)?
7
What is (-10 - -6) + (-2 - -10)?
4
-2 + -11 + (8 - (7 - 6))
-6
What is the value of -5 + 3 - (1 + (2 - 5))?
0
What is the value of -4 - (4 - 7 - -4) - -1?
-4
Evaluate -5 + -8 + 1 + 7.
-5
Evaluate -5 - 3 - (-4 + 1 - 3).
-2
What is -2 - ((2 - (6 - 2)) + -1)?
1
Evaluate -8 + 6 - (8 + -2).
-8
Evaluate 8 + 9 + -2 + (14 - 24).
5
-14 + 7 - (-4 - -3 - 2)
-4
What is the value of (21 - 4) + (0 - 10)?
7
Evaluate -8 - ((3 - 2) + -15).
6
Calculate 10 + (1 - 23) + 8.
-4
What is 5 + 0 + -19 + 6 + 9?
1
-15 + 6 + 20 + -9
2
Calculate -9 - (-4 + 4 + -2 + -3).
-4
Evaluate -4 + (3 - -1) + (2 - -1).
3
Calculate 2 + (-5 - (3 - 2)).
-4
-3 - -1 - -2 - (5 + -10)
5
What is (-1 - 4 - -6) + 1?
2
What is the value of (0 - 1) + (9 - 7)?
1
Evaluate 2 + (-9 + 5 - -7).
5
Evaluate (-8 - -3) + 2 - -7.
4
Calculate 12 + -14 - -4 - 8.
-6
What is (6 - -1) + -2 - (-1 + 8)?
-2
What is the value of -1 + -1 + -6 - -11?
3
What is the value of -3 + (7 - 1) + 2 + -6?
-1
What is 1 + -7 - (14 + (-10 - 9))?
-1
-9 + 1 + (0 + 1 - -4)
-3
Evaluate -12 - (15 + -1 + -31).
5
What is -6 + 1 + 1 + 32 + -25?
3
What is (6 - (3 - -2)) + -1?
0
What is 2 + 3 + -6 + 2?
1
Calculate 8 - 5 - (-4 - (6 - 11)).
2
8 + 1 + -3 + -1 + -6
-1
What is (-1 - -5) + 8 + -14 + 2?
0
Evaluate (0 - 0) + -5 + 5 + -7.
-7
What is 12 + 3 + -22 + (5 - 0)?
-2
(-5 - (-3 - -2)) + 9
5
What is 1 + -1 - (8 + -18 + 8)?
2
1 + (-6 - (-6 + 4)) - -1
-2
Calculate -4 + (-4 - -10 - 1).
1
Calculate 8 + -1 - (129 - 131).
9
What is 0 + 1 + (11 - 22) + 3?
-7
Calculate (-4 - -2) + 2 + (-57 - -60).
3
Evaluate 12 + 7 + -20 + -10.
-11
Calculate 26 + -23 + 1 + -1.
3
What is -2 - (-4 + 6 - 0)?
-4
Calculate -6 + 6 + (0 - 13) + 13.
0
Calculate (-1 - -3) + (-13 + 15 - -3).
7
What is the value of -3 + (-4 + 2 - 1)?
-6
Calculate 11 + -16 + (-1 - -10).
4
What is the value of 11 + (1 - 6) + -4?
2
(13 - 7) + -12 + 3
-3
What is the value of 4 - (0 - (3 + -5 + -5))?
-3
Evaluate (0 - (6 - 11)) + -12.
-7
Calculate 4 + -11 + 1 + 2 - -4.
0
(14 - 4) + -1 - 14
-5
Calculate (-1 - -1) + 9 + (5 - 9).
5
Calculate (5 - 3 - (1 - -8)) + 5.
-2
(2 - -2) + (-14 + 5 - -6)
1
What is the value of -12 + (8 - -4) + -1?
-1
What is -3 + (3 + 4 - -1)?
5
Calculate (4 - (11 - 8)) + -7 + 1.
-5
Calculate -96 + 83 - (-9 - 0).
-4
What is the value of -21 + 19 + (-6 - -2)?
-6
Evaluate 15 + -9 - -2 - 7.
1
What is the value of 9 + (-2 - 10) - (1 - 5)?
1
Calculate (0 - (-1 - 3)) + (-2 - 2).
0
What is the value of 7 + -2 + (3 - 4) + -1?
3
Evaluate 7 + (-10 - -20) + -18.
-1
Calculate -1 + (5 - 6) - (-5 - 0).
3
What is the value of 7 - (3 + 6) - (-1 - -5)?
-6
Evaluate -3 + 2 - (2 + 2 + -6).
1
What is 11 + -13 - (0 - -2)?
-4
What is the value of 2 - ((-10 - -6) + 3)?
3
What is -2 + (0 - -2) + 0?
0
Evaluate -1 + (-8 - -6) - (-6 - 0).
3
What is the value of -4 + (-3 - -10) + -4 - 2?
-3
Calculate 3 - (5 + -5 + -3 + 0).
6
Evaluate 8 + (-9 - -13) - 6.
6
What is -2 + 8 + (-35 - -37)?
8
What is the value of 23 + -20 + 1 + -4?
0
Evaluate -13 - -19 - 16 - -8.
-2
Calculate 4 + 6 + -5 + -9.
-4
Calculate -5 - (3 - (14 - 7)).
-1
What is (-2 + -2 - -3 - -1) + -1?
-1
(6 - 6) + 0 + 9 + -5
4
Calculate 0 + (1 - 2 - -3) + -3.
-1
Calculate 7 - (24 + -31 - (-8 + -2)).
4
-15 + -6 + (3 - -9)
-9
What is (-1 - (-1 + -2)) + 1 - 3?
0
What is the value of (4 - (1 + -1 + 4)) + 4?
4
-2 - (-1 + 1 + (3 - 2))
-3
Calculate (1 - 2) + -3 + 27 + -25.
-2
What is the value of (-1 + -1 - (4 - -2)) + 3?
-5
What is -5 + -1 + 7 + -4 + 1?
-2
What is the value of -6 - (5 - 14) - -1?
4
Evaluate 0 + -6 - -4 - -2.
0
0 + (-2 - (1 - -2))
-5
Calculate 3 - (-2 - (-1 + -2)) - 0.
2
Evaluate -7 - ((8 - 18) + 7).
-4
What is the value of 13 + (-3 - (9 + -5))?
6
What is (0 - (7 + -3) - 0) + 8?
4
Calculate -8 - (-1 + 0 + (-6 - -8)).
-9
What is (-5 - (-12 + 5 + 0)) + -5?
-3
What is the value of -4 - (-4 + 2 - -3)?
-5
Calculate (1 - 4) + (3 - (-4 - -8)).
-4
Calculate -1 + -2 + 3 + 0 - -2.
2
4 - (3 + -1 - -5)
-3
2 + -4 + -10 + 5
-7
8 - (2 + 0 + -1 - -2)
5
Evaluate 0 + 1 + -2 + -4 - -1.
-4
What is 1 + -2 - (17 + -17)?
-1
-3 + 0 + -7 + 3
-7
-19 - -24 - (-4 + 0 + 0)
9
What is -1 + 7 + -2 + 0?
4
Evaluate 4 - (10 - 4) - (-1 + -8).
7
What is 7 - (2 + -1) - 6 - -5?
5
Calculate (231 - 227) + (1 + 0 - 0).
5
What is (2 + 1 - (3 + -3)) + 1?
4
Calculate (3 - -5) + (-6 - -1).
3
4 - (2 - 1 - -7)
-4
-9 - (2 - 7) - -2
-2
What is the value of 1 - 9 - (-2 - 2 - -1)?
-5
What is the value of 1 + (5 - (12 + -3))?
-3
Evaluate -1 + -8 - (-5 - (-5 + 5)).
-4
What is -6 - 1 - -13 - 6?
0
Evaluate (5 - 1) + (2 - (-5 - -6)).
5
Evaluate -6 + -14 - 2 - -11.
-11
What is the value of 7 - (1 + (1 + 0 - 0))?
5
Evaluate -2 + 0 - -2 - -4.
4
Calculate 2 - -2 - (-3 - -8 - 0).
-1
1 - 3 - 22 - -15
-9
Calculate (-7 - (5 - 0)) + 7.
-5
What is the value of 15 + (12 - 10) + -12?
5
What is -3 - (4 - (3 + -4 + 3))?
-5
Calculate 10 - (4 - -4) - (1 - -4).
-3
Calculate (1 - 0) + (0 - 8).
-7
Evaluate 3 + -2 + (-10 - (-7 + 2)).
-4
What is the value of 7 + 1 + -19 + -17 + 21?
-7
Evaluate 3 + (5 - (-4 + 12)).
0
Evaluate 1 + (-4 - 0 - 2).
-5
What is the value of 4 - (2 - (-4 - -1))?
-1
What is the value of -13 + 22 + (-2 - 1)?
6
Evaluate 5 - (1 + 3 + -5) - 4.
2
7 - (-2 + (3 - -9))
-3
What is the value of 8 - 5 - 8 - -8?
3
What is the value of -11 - (0 + -4) - -4?
-3
(6 - 6) + -2 + -1
-3
What is the value of 5 + (5 - 5) + -12?
-7
Evaluate 0 + 8 + -6 + (2 - -1).
5
Calculate 0 + (-7 - -9 - 7).
-5
Calculate -2 + 1 - (-14 + 7).
6
(-2 - (1 + 0)) + 4
1
What is -4 - -3 - -4 - (1 - -1)?
1
Calculate -